{"id":47,"date":"2021-07-27T11:51:02","date_gmt":"2021-07-27T14:51:02","guid":{"rendered":"http:\/\/turismopiedrasblancas.com.ar\/?page_id=47"},"modified":"2022-12-16T11:43:06","modified_gmt":"2022-12-16T14:43:06","slug":"comedores","status":"publish","type":"page","link":"http:\/\/turismopiedrasblancas.com.ar\/index.php\/comedores\/","title":{"rendered":"Gastronom\u00eda"},"content":{"rendered":"\n<hr class=\"wp-block-separator\"\/>\n\n\n\n<div class=\"wp-block-media-text alignwide is-stacked-on-mobile\" style=\"grid-template-columns:29% auto\"><figure class=\"wp-block-media-text__media\"><img loading=\"lazy\" width=\"1024\" height=\"794\" src=\"http:\/\/turismopiedrasblancas.com.ar\/wp-content\/uploads\/2021\/09\/cantina-el-gauchito-1024x794.png\" alt=\"\" class=\"wp-image-999 size-full\" srcset=\"http:\/\/turismopiedrasblancas.com.ar\/wp-content\/uploads\/2021\/09\/cantina-el-gauchito-1024x794.png 1024w, http:\/\/turismopiedrasblancas.com.ar\/wp-content\/uploads\/2021\/09\/cantina-el-gauchito-300x233.png 300w, http:\/\/turismopiedrasblancas.com.ar\/wp-content\/uploads\/2021\/09\/cantina-el-gauchito-768x596.png 768w, http:\/\/turismopiedrasblancas.com.ar\/wp-content\/uploads\/2021\/09\/cantina-el-gauchito.png 1159w\" sizes=\"(max-width: 1024px) 100vw, 1024px\" \/><\/figure><div class=\"wp-block-media-text__content\">\n<h2>Comedor El Gauchito<\/h2>\n\n\n\n<blockquote class=\"wp-block-quote\"><p><strong>Av. Tuyango 953<\/strong><\/p><p><strong>03438-495197  &#8211;  3436126640 <\/strong><\/p><\/blockquote>\n<\/div><\/div>\n\n\n\n<div class=\"wp-block-media-text alignwide is-stacked-on-mobile\" style=\"grid-template-columns:29% auto\"><figure class=\"wp-block-media-text__media\"><img loading=\"lazy\" width=\"1024\" height=\"1024\" src=\"http:\/\/turismopiedrasblancas.com.ar\/wp-content\/uploads\/2021\/08\/pira-1024x1024.png\" alt=\"\" class=\"wp-image-186 size-full\" srcset=\"http:\/\/turismopiedrasblancas.com.ar\/wp-content\/uploads\/2021\/08\/pira-1024x1024.png 1024w, http:\/\/turismopiedrasblancas.com.ar\/wp-content\/uploads\/2021\/08\/pira-300x300.png 300w, http:\/\/turismopiedrasblancas.com.ar\/wp-content\/uploads\/2021\/08\/pira-150x150.png 150w, http:\/\/turismopiedrasblancas.com.ar\/wp-content\/uploads\/2021\/08\/pira-768x768.png 768w, http:\/\/turismopiedrasblancas.com.ar\/wp-content\/uploads\/2021\/08\/pira-1536x1536.png 1536w\" sizes=\"(max-width: 1024px) 100vw, 1024px\" \/><\/figure><div class=\"wp-block-media-text__content\">\n<h2>Comedor \/ Proveedur\u00eda<\/h2>\n\n\n\n<p>Camping Piray\u00fa &#8220;El Balc\u00f3n de Paran\u00e1&#8221;<\/p>\n<\/div><\/div>\n\n\n\n<div class=\"wp-block-media-text alignwide is-stacked-on-mobile\" style=\"grid-template-columns:30% auto\"><figure class=\"wp-block-media-text__media\"><img loading=\"lazy\" width=\"1024\" height=\"1025\" src=\"http:\/\/turismopiedrasblancas.com.ar\/wp-content\/uploads\/2021\/08\/SAUCEDAL.jpg\" alt=\"\" class=\"wp-image-226 size-full\" srcset=\"http:\/\/turismopiedrasblancas.com.ar\/wp-content\/uploads\/2021\/08\/SAUCEDAL.jpg 1024w, http:\/\/turismopiedrasblancas.com.ar\/wp-content\/uploads\/2021\/08\/SAUCEDAL-300x300.jpg 300w, http:\/\/turismopiedrasblancas.com.ar\/wp-content\/uploads\/2021\/08\/SAUCEDAL-150x150.jpg 150w, http:\/\/turismopiedrasblancas.com.ar\/wp-content\/uploads\/2021\/08\/SAUCEDAL-768x769.jpg 768w\" sizes=\"(max-width: 1024px) 100vw, 1024px\" \/><\/figure><div class=\"wp-block-media-text__content\">\n<h2>Resto Bar<\/h2>\n\n\n\n<blockquote class=\"wp-block-quote\"><p>El Saucedal<\/p><\/blockquote>\n<\/div><\/div>\n\n\n\n<figure class=\"wp-block-image size-full is-resized\"><img loading=\"lazy\" src=\"http:\/\/turismopiedrasblancas.com.ar\/wp-content\/uploads\/2021\/08\/publi-turismo-piedras-blancas.gif\" alt=\"\" class=\"wp-image-208\" width=\"647\" height=\"192\"\/><\/figure>\n\n\n\n<div class=\"wp-block-media-text alignwide is-stacked-on-mobile\" style=\"grid-template-columns:28% auto\"><figure class=\"wp-block-media-text__media\"><img loading=\"lazy\" width=\"1024\" height=\"640\" src=\"http:\/\/turismopiedrasblancas.com.ar\/wp-content\/uploads\/2021\/09\/mi-angel-1024x640.png\" alt=\"\" class=\"wp-image-1015 size-full\" srcset=\"http:\/\/turismopiedrasblancas.com.ar\/wp-content\/uploads\/2021\/09\/mi-angel-1024x640.png 1024w, http:\/\/turismopiedrasblancas.com.ar\/wp-content\/uploads\/2021\/09\/mi-angel-300x188.png 300w, http:\/\/turismopiedrasblancas.com.ar\/wp-content\/uploads\/2021\/09\/mi-angel-768x480.png 768w, http:\/\/turismopiedrasblancas.com.ar\/wp-content\/uploads\/2021\/09\/mi-angel.png 1348w\" sizes=\"(max-width: 1024px) 100vw, 1024px\" \/><\/figure><div class=\"wp-block-media-text__content\">\n<h2>Mi \u00c1ngel<\/h2>\n\n\n\n<blockquote class=\"wp-block-quote\"><p><strong><em>Calle Del Ruise\u00f1o &#8211; Casa N\u00b03<\/em><\/strong><\/p><p><strong>3435326561<\/strong><\/p><\/blockquote>\n\n\n\n<p><\/p>\n<\/div><\/div>\n\n\n\n<div class=\"wp-block-media-text alignwide is-stacked-on-mobile\" style=\"grid-template-columns:28% auto\"><figure class=\"wp-block-media-text__media\"><img loading=\"lazy\" width=\"1024\" height=\"673\" src=\"http:\/\/turismopiedrasblancas.com.ar\/wp-content\/uploads\/2021\/09\/delibery-la-familias-1024x673.png\" alt=\"\" class=\"wp-image-1001 size-full\" srcset=\"http:\/\/turismopiedrasblancas.com.ar\/wp-content\/uploads\/2021\/09\/delibery-la-familias-1024x673.png 1024w, http:\/\/turismopiedrasblancas.com.ar\/wp-content\/uploads\/2021\/09\/delibery-la-familias-300x197.png 300w, http:\/\/turismopiedrasblancas.com.ar\/wp-content\/uploads\/2021\/09\/delibery-la-familias-768x505.png 768w, http:\/\/turismopiedrasblancas.com.ar\/wp-content\/uploads\/2021\/09\/delibery-la-familias.png 1440w\" sizes=\"(max-width: 1024px) 100vw, 1024px\" \/><\/figure><div class=\"wp-block-media-text__content\">\n<h2> <p>Delivery &#8220;La Familia&#8221;<\/p><\/h2>\n\n\n\n<blockquote class=\"wp-block-quote\"><p><strong><em>Delivery &#8220;La Familia&#8221;<\/em><\/strong><\/p><p><strong><em>3435369665<\/em><\/strong><\/p><\/blockquote>\n<\/div><\/div>\n\n\n\n<div class=\"wp-block-media-text alignwide is-stacked-on-mobile\" style=\"grid-template-columns:28% auto\"><figure class=\"wp-block-media-text__media\"><img loading=\"lazy\" width=\"955\" height=\"950\" src=\"http:\/\/turismopiedrasblancas.com.ar\/wp-content\/uploads\/2021\/09\/delivery-norma-cocina.jpg\" alt=\"\" class=\"wp-image-1002 size-full\" srcset=\"http:\/\/turismopiedrasblancas.com.ar\/wp-content\/uploads\/2021\/09\/delivery-norma-cocina.jpg 955w, http:\/\/turismopiedrasblancas.com.ar\/wp-content\/uploads\/2021\/09\/delivery-norma-cocina-300x298.jpg 300w, http:\/\/turismopiedrasblancas.com.ar\/wp-content\/uploads\/2021\/09\/delivery-norma-cocina-150x150.jpg 150w, http:\/\/turismopiedrasblancas.com.ar\/wp-content\/uploads\/2021\/09\/delivery-norma-cocina-768x764.jpg 768w\" sizes=\"(max-width: 955px) 100vw, 955px\" \/><\/figure><div class=\"wp-block-media-text__content\">\n<p><\/p>\n\n\n\n<h2>Norma Cocina<\/h2>\n\n\n\n<blockquote class=\"wp-block-quote\"><p><strong><em>Av. Tuyango<\/em><\/strong><\/p><p><em><strong>3434407056<\/strong><\/em><\/p><\/blockquote>\n<\/div><\/div>\n","protected":false},"excerpt":{"rendered":"<p>Comedor El Gauchito Av. Tuyango 953 03438-495197 &ndash; 3436126640 Comedor \/ Proveedur&iacute;a Camping Piray&uacute; &ldquo;El Balc&oacute;n de Paran&aacute;&rdquo; Resto Bar El Saucedal Mi &Aacute;ngel Calle Del Ruise&ntilde;o &ndash; Casa N&deg;3 3435326561 Delivery &ldquo;La Familia&rdquo; Delivery &ldquo;La Familia&rdquo; 3435369665 Norma Cocina Av. Tuyango 3434407056<\/p>\n","protected":false},"author":1,"featured_media":0,"parent":0,"menu_order":0,"comment_status":"closed","ping_status":"closed","template":"","meta":{"om_disable_all_campaigns":false,"_monsterinsights_skip_tracking":false,"_monsterinsights_sitenote_active":false,"_monsterinsights_sitenote_note":"","_monsterinsights_sitenote_category":0,"ngg_post_thumbnail":0},"_links":{"self":[{"href":"http:\/\/turismopiedrasblancas.com.ar\/index.php\/wp-json\/wp\/v2\/pages\/47"}],"collection":[{"href":"http:\/\/turismopiedrasblancas.com.ar\/index.php\/wp-json\/wp\/v2\/pages"}],"about":[{"href":"http:\/\/turismopiedrasblancas.com.ar\/index.php\/wp-json\/wp\/v2\/types\/page"}],"author":[{"embeddable":true,"href":"http:\/\/turismopiedrasblancas.com.ar\/index.php\/wp-json\/wp\/v2\/users\/1"}],"replies":[{"embeddable":true,"href":"http:\/\/turismopiedrasblancas.com.ar\/index.php\/wp-json\/wp\/v2\/comments?post=47"}],"version-history":[{"count":16,"href":"http:\/\/turismopiedrasblancas.com.ar\/index.php\/wp-json\/wp\/v2\/pages\/47\/revisions"}],"predecessor-version":[{"id":1501,"href":"http:\/\/turismopiedrasblancas.com.ar\/index.php\/wp-json\/wp\/v2\/pages\/47\/revisions\/1501"}],"wp:attachment":[{"href":"http:\/\/turismopiedrasblancas.com.ar\/index.php\/wp-json\/wp\/v2\/media?parent=47"}],"curies":[{"name":"wp","href":"https:\/\/api.w.org\/{rel}","templated":true}]}}